Dec 03 14:20:42.637 INFO testing derive-com-impl-0.1.0-alpha3 against master#8940af3cea4a9a9deabcaf843b2f8cad9a83fc61 for beta-1.31-5
Dec 03 14:20:42.638 INFO running `"docker" "create" "-v" "/mnt/big/crater/work/local/target-dirs/beta-1.31-5/worker-1/master#8940af3cea4a9a9deabcaf843b2f8cad9a83fc61:/target:rw,Z" "-v" "/mnt/big/crater/work/local/test-source/worker-1/beta-1.31-5/master#8940af3cea4a9a9deabcaf843b2f8cad9a83fc61:/source:ro,Z" "-v" "/mnt/big/crater/work/local/cargo-home:/cargo-home:ro,Z" "-v" "/mnt/big/crater/work/local/rustup-home:/rustup-home:ro,Z" "-e" "USER_ID=1000" "-e" "SOURCE_DIR=/source" "-e" "USER_ID=1000" "-e" "CMD=cargo +8940af3cea4a9a9deabcaf843b2f8cad9a83fc61-alt build --frozen" "-e" "CARGO_TARGET_DIR=/target" "-e" "CARGO_INCREMENTAL=0" "-e" "RUST_BACKTRACE=full" "-e" "RUSTFLAGS=--cap-lints=warn" "-e" "CARGO_HOME=/cargo-home" "-e" "RUSTUP_HOME=/rustup-home" "-m" "1536M" "--network" "none" "crater"`
Dec 03 14:20:42.832 INFO [stdout] 8b49bc3575d4a983d5a101cc5c2258d743d373d01af0f9ce19e6ba24425cb394
Dec 03 14:20:42.842 INFO running `"docker" "start" "-a" "8b49bc3575d4a983d5a101cc5c2258d743d373d01af0f9ce19e6ba24425cb394"`
Dec 03 14:20:43.519 INFO [stderr] usermod: no changes
Dec 03 14:20:43.585 INFO [stderr]    Compiling derive-com-impl v0.1.0-alpha3 (/source)
Dec 03 14:20:51.133 INFO [stderr]     Finished dev [unoptimized + debuginfo] target(s) in 7.57s
Dec 03 14:20:51.135 INFO [stderr] su: No module specific data is present
Dec 03 14:20:51.540 INFO running `"docker" "inspect" "8b49bc3575d4a983d5a101cc5c2258d743d373d01af0f9ce19e6ba24425cb394"`
Dec 03 14:20:51.741 INFO running `"docker" "rm" "-f" "8b49bc3575d4a983d5a101cc5c2258d743d373d01af0f9ce19e6ba24425cb394"`
Dec 03 14:20:51.928 INFO [stdout] 8b49bc3575d4a983d5a101cc5c2258d743d373d01af0f9ce19e6ba24425cb394
Dec 03 14:20:51.929 INFO running `"docker" "create" "-v" "/mnt/big/crater/work/local/target-dirs/beta-1.31-5/worker-1/master#8940af3cea4a9a9deabcaf843b2f8cad9a83fc61:/target:rw,Z" "-v" "/mnt/big/crater/work/local/test-source/worker-1/beta-1.31-5/master#8940af3cea4a9a9deabcaf843b2f8cad9a83fc61:/source:ro,Z" "-v" "/mnt/big/crater/work/local/cargo-home:/cargo-home:ro,Z" "-v" "/mnt/big/crater/work/local/rustup-home:/rustup-home:ro,Z" "-e" "USER_ID=1000" "-e" "SOURCE_DIR=/source" "-e" "USER_ID=1000" "-e" "CMD=cargo +8940af3cea4a9a9deabcaf843b2f8cad9a83fc61-alt test --frozen --no-run" "-e" "CARGO_TARGET_DIR=/target" "-e" "CARGO_INCREMENTAL=0" "-e" "RUST_BACKTRACE=full" "-e" "RUSTFLAGS=--cap-lints=warn" "-e" "CARGO_HOME=/cargo-home" "-e" "RUSTUP_HOME=/rustup-home" "-m" "1536M" "--network" "none" "crater"`
Dec 03 14:20:52.339 INFO [stdout] f4c218cc33befbbfdff9b793a2877b99d8c07d9df1481cf80f9de7dd471d7421
Dec 03 14:20:52.347 INFO running `"docker" "start" "-a" "f4c218cc33befbbfdff9b793a2877b99d8c07d9df1481cf80f9de7dd471d7421"`
Dec 03 14:20:54.307 INFO [stderr] usermod: no changes
Dec 03 14:20:54.379 INFO [stderr]    Compiling winapi v0.3.6
Dec 03 14:20:54.379 INFO [stderr]    Compiling com-impl v0.1.0-alpha2
Dec 03 14:20:57.643 INFO [stderr]    Compiling wio v0.2.0
Dec 03 14:20:58.227 INFO [stderr]    Compiling derive-com-impl v0.1.0-alpha3 (/source)
Dec 03 14:21:02.479 INFO [stderr]     Finished dev [unoptimized + debuginfo] target(s) in 8.14s
Dec 03 14:21:02.479 INFO [stderr] su: No module specific data is present
Dec 03 14:21:02.796 INFO running `"docker" "inspect" "f4c218cc33befbbfdff9b793a2877b99d8c07d9df1481cf80f9de7dd471d7421"`
Dec 03 14:21:02.885 INFO running `"docker" "rm" "-f" "f4c218cc33befbbfdff9b793a2877b99d8c07d9df1481cf80f9de7dd471d7421"`
Dec 03 14:21:03.010 INFO [stdout] f4c218cc33befbbfdff9b793a2877b99d8c07d9df1481cf80f9de7dd471d7421
Dec 03 14:21:03.016 INFO running `"docker" "create" "-v" "/mnt/big/crater/work/local/target-dirs/beta-1.31-5/worker-1/master#8940af3cea4a9a9deabcaf843b2f8cad9a83fc61:/target:rw,Z" "-v" "/mnt/big/crater/work/local/test-source/worker-1/beta-1.31-5/master#8940af3cea4a9a9deabcaf843b2f8cad9a83fc61:/source:ro,Z" "-v" "/mnt/big/crater/work/local/cargo-home:/cargo-home:ro,Z" "-v" "/mnt/big/crater/work/local/rustup-home:/rustup-home:ro,Z" "-e" "USER_ID=1000" "-e" "SOURCE_DIR=/source" "-e" "USER_ID=1000" "-e" "CMD=cargo +8940af3cea4a9a9deabcaf843b2f8cad9a83fc61-alt test --frozen" "-e" "CARGO_TARGET_DIR=/target" "-e" "CARGO_INCREMENTAL=0" "-e" "RUST_BACKTRACE=full" "-e" "RUSTFLAGS=--cap-lints=warn" "-e" "CARGO_HOME=/cargo-home" "-e" "RUSTUP_HOME=/rustup-home" "-m" "1536M" "--network" "none" "crater"`
Dec 03 14:21:03.207 INFO [stdout] c541e99e227cc9e8114250f4fbbdbd67fded49c5797bcfd3f6c1eb92a5a749da
Dec 03 14:21:03.210 INFO running `"docker" "start" "-a" "c541e99e227cc9e8114250f4fbbdbd67fded49c5797bcfd3f6c1eb92a5a749da"`
Dec 03 14:21:03.756 INFO [stderr] usermod: no changes
Dec 03 14:21:03.800 INFO [stderr]     Finished dev [unoptimized + debuginfo] target(s) in 0.03s
Dec 03 14:21:03.812 INFO [stderr]      Running /target/debug/deps/derive_com_impl-92f5b0a465fb5c51
Dec 03 14:21:03.814 INFO [stderr]    Doc-tests derive-com-impl
Dec 03 14:21:03.814 INFO [stdout] 
Dec 03 14:21:03.814 INFO [stdout] running 0 tests
Dec 03 14:21:03.814 INFO [stdout] 
Dec 03 14:21:03.815 INFO [stdout] test result: ok. 0 passed; 0 failed; 0 ignored; 0 measured; 0 filtered out
Dec 03 14:21:03.815 INFO [stdout] 
Dec 03 14:21:10.238 INFO [stdout] 
Dec 03 14:21:10.238 INFO [stdout] running 1 test
Dec 03 14:21:11.531 INFO [stdout] test src/lib.rs -  (line 7) ... FAILED
Dec 03 14:21:11.531 INFO [stdout] 
Dec 03 14:21:11.531 INFO [stdout] failures:
Dec 03 14:21:11.531 INFO [stdout] 
Dec 03 14:21:11.531 INFO [stdout] ---- src/lib.rs -  (line 7) stdout ----
Dec 03 14:21:11.531 INFO [stdout] error[E0432]: unresolved imports `com_impl::VTable`, `com_impl::Refcount`
Dec 03 14:21:11.531 INFO [stdout]  --> src/lib.rs:15:16
Dec 03 14:21:11.531 INFO [stdout]   |
Dec 03 14:21:11.531 INFO [stdout] 9 | use com_impl::{VTable, Refcount};
Dec 03 14:21:11.531 INFO [stdout]   |                ^^^^^^  ^^^^^^^^ no `Refcount` in the root
Dec 03 14:21:11.531 INFO [stdout]   |                |
Dec 03 14:21:11.531 INFO [stdout]   |                no `VTable` in the root
Dec 03 14:21:11.531 INFO [stdout] 
Dec 03 14:21:11.531 INFO [stdout] error[E0433]: failed to resolve: could not find `shared` in `winapi`
Dec 03 14:21:11.531 INFO [stdout]   --> src/lib.rs:17:13
Dec 03 14:21:11.531 INFO [stdout]    |
Dec 03 14:21:11.531 INFO [stdout] 11 | use winapi::shared::winerror::{ERROR_INVALID_INDEX, HRESULT, HRESULT_FROM_WIN32, S_OK};
Dec 03 14:21:11.531 INFO [stdout]    |             ^^^^^^ could not find `shared` in `winapi`
Dec 03 14:21:11.531 INFO [stdout] 
Dec 03 14:21:11.531 INFO [stdout] error[E0433]: failed to resolve: could not find `um` in `winapi`
Dec 03 14:21:11.531 INFO [stdout]   --> src/lib.rs:18:13
Dec 03 14:21:11.531 INFO [stdout]    |
Dec 03 14:21:11.531 INFO [stdout] 12 | use winapi::um::dwrite::{IDWriteFontFileStream, IDWriteFontFileStreamVtbl};
Dec 03 14:21:11.531 INFO [stdout]    |             ^^ could not find `um` in `winapi`
Dec 03 14:21:11.531 INFO [stdout] 
Dec 03 14:21:11.531 INFO [stdout] error[E0432]: unresolved import `winapi::ctypes`
Dec 03 14:21:11.531 INFO [stdout]   --> src/lib.rs:16:13
Dec 03 14:21:11.531 INFO [stdout]    |
Dec 03 14:21:11.531 INFO [stdout] 10 | use winapi::ctypes::c_void;
Dec 03 14:21:11.531 INFO [stdout]    |             ^^^^^^ could not find `ctypes` in `winapi`
Dec 03 14:21:11.531 INFO [stdout] 
Dec 03 14:21:11.531 INFO [stdout] error[E0432]: unresolved import `wio::com`
Dec 03 14:21:11.531 INFO [stdout]   --> src/lib.rs:19:10
Dec 03 14:21:11.531 INFO [stdout]    |
Dec 03 14:21:11.531 INFO [stdout] 13 | use wio::com::ComPtr;
Dec 03 14:21:11.531 INFO [stdout]    |          ^^^ could not find `com` in `wio`
Dec 03 14:21:11.531 INFO [stdout] 
Dec 03 14:21:11.531 INFO [stdout] error[E0433]: failed to resolve: could not find `BuildVTable` in `com_impl`
Dec 03 14:21:11.531 INFO [stdout]   --> src/lib.rs:22:10
Dec 03 14:21:11.531 INFO [stdout]    |
Dec 03 14:21:11.531 INFO [stdout] 16 | #[derive(ComImpl)]
Dec 03 14:21:11.531 INFO [stdout]    |          ^^^^^^^ could not find `BuildVTable` in `com_impl`
Dec 03 14:21:11.531 INFO [stdout] 
Dec 03 14:21:11.531 INFO [stdout] error[E0433]: failed to resolve: could not find `um` in `winapi`
Dec 03 14:21:11.531 INFO [stdout]   --> src/lib.rs:22:10
Dec 03 14:21:11.531 INFO [stdout]    |
Dec 03 14:21:11.531 INFO [stdout] 16 | #[derive(ComImpl)]
Dec 03 14:21:11.531 INFO [stdout]    |          ^^^^^^^ could not find `um` in `winapi`
Dec 03 14:21:11.531 INFO [stdout] 
Dec 03 14:21:11.531 INFO [stdout] error[E0433]: failed to resolve: could not find `VTable` in `com_impl`
Dec 03 14:21:11.531 INFO [stdout]   --> src/lib.rs:22:10
Dec 03 14:21:11.531 INFO [stdout]    |
Dec 03 14:21:11.531 INFO [stdout] 16 | #[derive(ComImpl)]
Dec 03 14:21:11.531 INFO [stdout]    |          ^^^^^^^ could not find `VTable` in `com_impl`
Dec 03 14:21:11.531 INFO [stdout] 
Dec 03 14:21:11.531 INFO [stdout] error[E0433]: failed to resolve: could not find `shared` in `winapi`
Dec 03 14:21:11.531 INFO [stdout]   --> src/lib.rs:22:10
Dec 03 14:21:11.531 INFO [stdout]    |
Dec 03 14:21:11.531 INFO [stdout] 16 | #[derive(ComImpl)]
Dec 03 14:21:11.531 INFO [stdout]    |          ^^^^^^^ could not find `shared` in `winapi`
Dec 03 14:21:11.531 INFO [stdout] 
Dec 03 14:21:11.531 INFO [stdout] error[E0433]: failed to resolve: could not find `ctypes` in `winapi`
Dec 03 14:21:11.531 INFO [stdout]   --> src/lib.rs:22:10
Dec 03 14:21:11.531 INFO [stdout]    |
Dec 03 14:21:11.531 INFO [stdout] 16 | #[derive(ComImpl)]
Dec 03 14:21:11.531 INFO [stdout]    |          ^^^^^^^ could not find `ctypes` in `winapi`
Dec 03 14:21:11.531 INFO [stdout] 
Dec 03 14:21:11.531 INFO [stdout] error[E0433]: failed to resolve: could not find `Interface` in `winapi`
Dec 03 14:21:11.531 INFO [stdout]   --> src/lib.rs:22:10
Dec 03 14:21:11.531 INFO [stdout]    |
Dec 03 14:21:11.531 INFO [stdout] 16 | #[derive(ComImpl)]
Dec 03 14:21:11.532 INFO [stdout]    |          ^^^^^^^ could not find `Interface` in `winapi`
Dec 03 14:21:11.532 INFO [stdout] 
Dec 03 14:21:11.532 INFO [stdout] error[E0433]: failed to resolve: could not find `BuildVTable` in `com_impl`
Dec 03 14:21:11.532 INFO [stdout]   --> src/lib.rs:39:1
Dec 03 14:21:11.532 INFO [stdout]    |
Dec 03 14:21:11.532 INFO [stdout] 33 | #[com_impl]
Dec 03 14:21:11.532 INFO [stdout]    | ^^^^^^^^^^^ could not find `BuildVTable` in `com_impl`
Dec 03 14:21:11.532 INFO [stdout] 
Dec 03 14:21:11.532 INFO [stdout] error[E0433]: failed to resolve: could not find `VTable` in `com_impl`
Dec 03 14:21:11.532 INFO [stdout]   --> src/lib.rs:39:1
Dec 03 14:21:11.532 INFO [stdout]    |
Dec 03 14:21:11.532 INFO [stdout] 33 | #[com_impl]
Dec 03 14:21:11.532 INFO [stdout]    | ^^^^^^^^^^^ could not find `VTable` in `com_impl`
Dec 03 14:21:11.532 INFO [stdout] 
Dec 03 14:21:11.532 INFO [stdout] error[E0412]: cannot find type `IDWriteFontFileStreamVtbl` in this scope
Dec 03 14:21:11.532 INFO [stdout]   --> src/lib.rs:25:18
Dec 03 14:21:11.532 INFO [stdout]    |
Dec 03 14:21:11.532 INFO [stdout] 19 |     vtbl: VTable<IDWriteFontFileStreamVtbl>,
Dec 03 14:21:11.532 INFO [stdout]    |                  ^^^^^^^^^^^^^^^^^^^^^^^^^ not found in this scope
Dec 03 14:21:11.532 INFO [stdout] 
Dec 03 14:21:11.532 INFO [stdout] error[E0405]: cannot find trait `BuildVTable` in module `com_impl`
Dec 03 14:21:11.532 INFO [stdout]   --> src/lib.rs:22:10
Dec 03 14:21:11.532 INFO [stdout]    |
Dec 03 14:21:11.532 INFO [stdout] 16 | #[derive(ComImpl)]
Dec 03 14:21:11.532 INFO [stdout]    |          ^^^^^^^ not found in `com_impl`
Dec 03 14:21:11.532 INFO [stdout] 
Dec 03 14:21:11.532 INFO [stdout] error[E0412]: cannot find type `VTable` in module `com_impl`
Dec 03 14:21:11.532 INFO [stdout]   --> src/lib.rs:22:10
Dec 03 14:21:11.532 INFO [stdout]    |
Dec 03 14:21:11.532 INFO [stdout] 16 | #[derive(ComImpl)]
Dec 03 14:21:11.532 INFO [stdout]    |          ^^^^^^^ not found in `com_impl`
Dec 03 14:21:11.532 INFO [stdout] 
Dec 03 14:21:11.532 INFO [stdout] error[E0412]: cannot find type `IDWriteFontFileStream` in this scope
Dec 03 14:21:11.532 INFO [stdout]   --> src/lib.rs:23:14
Dec 03 14:21:11.532 INFO [stdout]    |
Dec 03 14:21:11.532 INFO [stdout] 17 | #[interfaces(IDWriteFontFileStream)]
Dec 03 14:21:11.532 INFO [stdout]    |              ^^^^^^^^^^^^^^^^^^^^^ not found in this scope
Dec 03 14:21:11.532 INFO [stdout] 
Dec 03 14:21:11.532 INFO [stdout] error[E0412]: cannot find type `IDWriteFontFileStream` in this scope
Dec 03 14:21:11.532 INFO [stdout]   --> src/lib.rs:32:58
Dec 03 14:21:11.532 INFO [stdout]    |
Dec 03 14:21:11.532 INFO [stdout] 26 |     pub fn new(write_time: u64, data: Vec<u8>) -> ComPtr<IDWriteFontFileStream> {
Dec 03 14:21:11.532 INFO [stdout]    |                                                          ^^^^^^^^^^^^^^^^^^^^^ not found in this scope
Dec 03 14:21:11.532 INFO [stdout] 
Dec 03 14:21:11.532 INFO [stdout] error[E0412]: cannot find type `IDWriteFontFileStream` in this scope
Dec 03 14:21:11.532 INFO [stdout]   --> src/lib.rs:34:31
Dec 03 14:21:11.532 INFO [stdout]    |
Dec 03 14:21:11.532 INFO [stdout] 28 |         let ptr = ptr as *mut IDWriteFontFileStream;
Dec 03 14:21:11.532 INFO [stdout]    |                               ^^^^^^^^^^^^^^^^^^^^^ not found in this scope
Dec 03 14:21:11.532 INFO [stdout] 
Dec 03 14:21:11.532 INFO [stdout] error[E0405]: cannot find trait `BuildVTable` in module `com_impl`
Dec 03 14:21:11.532 INFO [stdout]   --> src/lib.rs:39:1
Dec 03 14:21:11.532 INFO [stdout]    |
Dec 03 14:21:11.532 INFO [stdout] 33 | #[com_impl]
Dec 03 14:21:11.532 INFO [stdout]    | ^^^^^^^^^^^ not found in `com_impl`
Dec 03 14:21:11.532 INFO [stdout] 
Dec 03 14:21:11.532 INFO [stdout] error[E0412]: cannot find type `IDWriteFontFileStreamVtbl` in this scope
Dec 03 14:21:11.532 INFO [stdout]   --> src/lib.rs:40:13
Dec 03 14:21:11.532 INFO [stdout]    |
Dec 03 14:21:11.532 INFO [stdout] 34 | unsafe impl IDWriteFontFileStream for FileStream {
Dec 03 14:21:11.532 INFO [stdout]    |             ^^^^^^^^^^^^^^^^^^^^^ not found in this scope
Dec 03 14:21:11.532 INFO [stdout] 
Dec 03 14:21:11.532 INFO [stdout] error[E0422]: cannot find struct, variant or union type `IDWriteFontFileStreamVtbl` in this scope
Dec 03 14:21:11.532 INFO [stdout]   --> src/lib.rs:40:13
Dec 03 14:21:11.532 INFO [stdout]    |
Dec 03 14:21:11.532 INFO [stdout] 34 | unsafe impl IDWriteFontFileStream for FileStream {
Dec 03 14:21:11.532 INFO [stdout]    |             ^^^^^^^^^^^^^^^^^^^^^ not found in this scope
Dec 03 14:21:11.532 INFO [stdout] 
Dec 03 14:21:11.532 INFO [stdout] error[E0412]: cannot find type `VTable` in module `com_impl`
Dec 03 14:21:11.532 INFO [stdout]   --> src/lib.rs:39:1
Dec 03 14:21:11.532 INFO [stdout]    |
Dec 03 14:21:11.532 INFO [stdout] 33 | #[com_impl]
Dec 03 14:21:11.532 INFO [stdout]    | ^^^^^^^^^^^ not found in `com_impl`
Dec 03 14:21:11.532 INFO [stdout] 
Dec 03 14:21:11.532 INFO [stdout] error[E0412]: cannot find type `IDWriteFontFileStream` in this scope
Dec 03 14:21:11.532 INFO [stdout]   --> src/lib.rs:40:13
Dec 03 14:21:11.532 INFO [stdout]    |
Dec 03 14:21:11.532 INFO [stdout] 34 | unsafe impl IDWriteFontFileStream for FileStream {
Dec 03 14:21:11.532 INFO [stdout]    |             ^^^^^^^^^^^^^^^^^^^^^ not found in this scope
Dec 03 14:21:11.532 INFO [stdout] 
Dec 03 14:21:11.532 INFO [stdout] error[E0412]: cannot find type `HRESULT` in this scope
Dec 03 14:21:11.532 INFO [stdout]   --> src/lib.rs:41:55
Dec 03 14:21:11.532 INFO [stdout]    |
Dec 03 14:21:11.532 INFO [stdout] 35 |     unsafe fn get_file_size(&self, size: *mut u64) -> HRESULT {
Dec 03 14:21:11.532 INFO [stdout]    |                                                       ^^^^^^^ not found in this scope
Dec 03 14:21:11.532 INFO [stdout] 
Dec 03 14:21:11.532 INFO [stdout] error[E0412]: cannot find type `HRESULT` in this scope
Dec 03 14:21:11.533 INFO [stdout]   --> src/lib.rs:46:67
Dec 03 14:21:11.533 INFO [stdout]    |
Dec 03 14:21:11.533 INFO [stdout] 40 |     unsafe fn get_last_write_time(&self, write_time: *mut u64) -> HRESULT {
Dec 03 14:21:11.533 INFO [stdout]    |                                                                   ^^^^^^^ not found in this scope
Dec 03 14:21:11.533 INFO [stdout] 
Dec 03 14:21:11.533 INFO [stdout] error[E0412]: cannot find type `HRESULT` in this scope
Dec 03 14:21:11.533 INFO [stdout]   --> src/lib.rs:57:10
Dec 03 14:21:11.533 INFO [stdout]    |
Dec 03 14:21:11.533 INFO [stdout] 51 |     ) -> HRESULT {
Dec 03 14:21:11.533 INFO [stdout]    |          ^^^^^^^ not found in this scope
Dec 03 14:21:11.533 INFO [stdout] 
Dec 03 14:21:11.533 INFO [stdout] error[E0425]: cannot find value `S_OK` in this scope
Dec 03 14:21:11.533 INFO [stdout]   --> src/lib.rs:43:9
Dec 03 14:21:11.533 INFO [stdout]    |
Dec 03 14:21:11.533 INFO [stdout] 37 |         S_OK
Dec 03 14:21:11.533 INFO [stdout]    |         ^^^^ not found in this scope
Dec 03 14:21:11.533 INFO [stdout] 
Dec 03 14:21:11.533 INFO [stdout] error[E0425]: cannot find value `S_OK` in this scope
Dec 03 14:21:11.533 INFO [stdout]   --> src/lib.rs:48:9
Dec 03 14:21:11.533 INFO [stdout]    |
Dec 03 14:21:11.533 INFO [stdout] 42 |         S_OK
Dec 03 14:21:11.533 INFO [stdout]    |         ^^^^ not found in this scope
Dec 03 14:21:11.533 INFO [stdout] 
Dec 03 14:21:11.533 INFO [stdout] error[E0425]: cannot find function `HRESULT_FROM_WIN32` in this scope
Dec 03 14:21:11.533 INFO [stdout]   --> src/lib.rs:59:20
Dec 03 14:21:11.533 INFO [stdout]    |
Dec 03 14:21:11.533 INFO [stdout] 53 |             return HRESULT_FROM_WIN32(ERROR_INVALID_INDEX);
Dec 03 14:21:11.533 INFO [stdout]    |                    ^^^^^^^^^^^^^^^^^^ not found in this scope
Dec 03 14:21:11.533 INFO [stdout] 
Dec 03 14:21:11.533 INFO [stdout] error[E0425]: cannot find value `ERROR_INVALID_INDEX` in this scope
Dec 03 14:21:11.533 INFO [stdout]   --> src/lib.rs:59:39
Dec 03 14:21:11.533 INFO [stdout]    |
Dec 03 14:21:11.533 INFO [stdout] 53 |             return HRESULT_FROM_WIN32(ERROR_INVALID_INDEX);
Dec 03 14:21:11.533 INFO [stdout]    |                                       ^^^^^^^^^^^^^^^^^^^ not found in this scope
Dec 03 14:21:11.533 INFO [stdout] 
Dec 03 14:21:11.533 INFO [stdout] error[E0425]: cannot find function `HRESULT_FROM_WIN32` in this scope
Dec 03 14:21:11.533 INFO [stdout]   --> src/lib.rs:66:20
Dec 03 14:21:11.533 INFO [stdout]    |
Dec 03 14:21:11.533 INFO [stdout] 60 |             return HRESULT_FROM_WIN32(ERROR_INVALID_INDEX);
Dec 03 14:21:11.533 INFO [stdout]    |                    ^^^^^^^^^^^^^^^^^^ not found in this scope
Dec 03 14:21:11.533 INFO [stdout] 
Dec 03 14:21:11.533 INFO [stdout] error[E0425]: cannot find value `ERROR_INVALID_INDEX` in this scope
Dec 03 14:21:11.533 INFO [stdout]   --> src/lib.rs:66:39
Dec 03 14:21:11.533 INFO [stdout]    |
Dec 03 14:21:11.533 INFO [stdout] 60 |             return HRESULT_FROM_WIN32(ERROR_INVALID_INDEX);
Dec 03 14:21:11.533 INFO [stdout]    |                                       ^^^^^^^^^^^^^^^^^^^ not found in this scope
Dec 03 14:21:11.533 INFO [stdout] 
Dec 03 14:21:11.533 INFO [stdout] error[E0425]: cannot find value `S_OK` in this scope
Dec 03 14:21:11.533 INFO [stdout]   --> src/lib.rs:72:9
Dec 03 14:21:11.533 INFO [stdout]    |
Dec 03 14:21:11.533 INFO [stdout] 66 |         S_OK
Dec 03 14:21:11.533 INFO [stdout]    |         ^^^^ not found in this scope
Dec 03 14:21:11.533 INFO [stdout] 
Dec 03 14:21:11.533 INFO [stdout] thread 'src/lib.rs -  (line 7)' panicked at 'couldn't compile the test', librustdoc/test.rs:332:13
Dec 03 14:21:11.533 INFO [stdout] stack backtrace:
Dec 03 14:21:11.533 INFO [stdout]    0:     0x7f535f04290f - std::sys::unix::backtrace::tracing::imp::unwind_backtrace::h3a8b83e1922cbdde
Dec 03 14:21:11.533 INFO [stdout]                                at libstd/sys/unix/backtrace/tracing/gcc_s.rs:49
Dec 03 14:21:11.533 INFO [stdout]    1:     0x7f535f027897 - std::sys_common::backtrace::print::h00d3155a29b4020f
Dec 03 14:21:11.533 INFO [stdout]                                at libstd/sys_common/backtrace.rs:71
Dec 03 14:21:11.533 INFO [stdout]                                at libstd/sys_common/backtrace.rs:59
Dec 03 14:21:11.533 INFO [stdout]    2:     0x7f535f04dcef - std::panicking::default_hook::{{closure}}::hd7465c742e79e1bb
Dec 03 14:21:11.533 INFO [stdout]                                at libstd/panicking.rs:211
Dec 03 14:21:11.533 INFO [stdout]    3:     0x7f535f04d9ee - std::panicking::default_hook::h9e3966f2aa2a6e12
Dec 03 14:21:11.533 INFO [stdout]                                at libstd/panicking.rs:221
Dec 03 14:21:11.533 INFO [stdout]    4:     0x7f53611d8951 - rustc::util::common::panic_hook::h27965632b67fe74e
Dec 03 14:21:11.533 INFO [stdout]    5:     0x7f535f04e4e6 - std::panicking::rust_panic_with_hook::h587f091ae747d080
Dec 03 14:21:11.533 INFO [stdout]                                at libstd/panicking.rs:480
Dec 03 14:21:11.533 INFO [stdout]    6:     0x5613da805b17 - std::panicking::begin_panic::hcef7ac517f7efe0f
Dec 03 14:21:11.533 INFO [stdout]                                at libstd/panicking.rs:410
Dec 03 14:21:11.533 INFO [stdout]    7:     0x5613da999cc7 - <rustdoc::test::Collector as rustdoc::test::Tester>::add_test::{{closure}}::{{closure}}::{{closure}}::h1a7d462b7674a13e
Dec 03 14:21:11.533 INFO [stdout]                                at librustdoc/test.rs:332
Dec 03 14:21:11.533 INFO [stdout]                                at librustdoc/test.rs:596
Dec 03 14:21:11.533 INFO [stdout]    8:     0x5613da94f1f8 - <scoped_tls::ScopedKey<T>>::set::h9a299037e2efdd79
Dec 03 14:21:11.533 INFO [stdout]                                at /cargo/registry/src/github.com-1ecc6299db9ec823/scoped-tls-0.1.2/src/lib.rs:155
Dec 03 14:21:11.533 INFO [stdout]                                at libsyntax/lib.rs:106
Dec 03 14:21:11.533 INFO [stdout]                                at /cargo/registry/src/github.com-1ecc6299db9ec823/scoped-tls-0.1.2/src/lib.rs:155
Dec 03 14:21:11.533 INFO [stdout]    9:     0x5613da753601 - syntax::with_globals::hc9a23e436a64729f
Dec 03 14:21:11.533 INFO [stdout]                                at libsyntax/lib.rs:105
Dec 03 14:21:11.533 INFO [stdout]   10:     0x5613da805dbb - std::panicking::try::do_call::hd95e3a92339aa7c0
Dec 03 14:21:11.533 INFO [stdout]                                at librustdoc/test.rs:593
Dec 03 14:21:11.533 INFO [stdout]                                at libstd/panic.rs:313
Dec 03 14:21:11.533 INFO [stdout]                                at libstd/panicking.rs:310
Dec 03 14:21:11.533 INFO [stdout]   11:     0x7f535f05bcd9 - __rust_maybe_catch_panic
Dec 03 14:21:11.533 INFO [stdout]                                at libpanic_unwind/lib.rs:102
Dec 03 14:21:11.533 INFO [stdout]   12:     0x5613da828f49 - rustc_driver::in_named_rustc_thread::h5d5326e5f9843b1f
Dec 03 14:21:11.534 INFO [stdout]                                at libstd/panicking.rs:289
Dec 03 14:21:11.534 INFO [stdout]                                at libstd/panic.rs:392
Dec 03 14:21:11.534 INFO [stdout]                                at librustc_driver/lib.rs:1546
Dec 03 14:21:11.534 INFO [stdout]   13:     0x5613da967eb0 - <F as alloc::boxed::FnBox<A>>::call_box::h85b70bbf522f8d35
Dec 03 14:21:11.534 INFO [stdout]                                at librustdoc/test.rs:593
Dec 03 14:21:11.534 INFO [stdout]                                at liballoc/boxed.rs:672
Dec 03 14:21:11.534 INFO [stdout]   14:     0x7f53606bd022 - <F as alloc::boxed::FnBox<A>>::call_box::h37f4bb882553d58c
Dec 03 14:21:11.534 INFO [stdout]                                at libtest/lib.rs:1461
Dec 03 14:21:11.534 INFO [stdout]                                at liballoc/boxed.rs:672
Dec 03 14:21:11.534 INFO [stdout]   15:     0x7f535f05bcd9 - __rust_maybe_catch_panic
Dec 03 14:21:11.534 INFO [stdout]                                at libpanic_unwind/lib.rs:102
Dec 03 14:21:11.534 INFO [stdout]   16:     0x7f53606e5462 - std::sys_common::backtrace::__rust_begin_short_backtrace::hb8f0d0309526c184
Dec 03 14:21:11.534 INFO [stdout]                                at libstd/panicking.rs:289
Dec 03 14:21:11.534 INFO [stdout]                                at libstd/panic.rs:392
Dec 03 14:21:11.534 INFO [stdout]                                at libtest/lib.rs:1423
Dec 03 14:21:11.534 INFO [stdout]                                at libstd/sys_common/backtrace.rs:136
Dec 03 14:21:11.534 INFO [stdout]   17:     0x7f53606e6204 - std::panicking::try::do_call::hc2f7c8b9a348d8db
Dec 03 14:21:11.534 INFO [stdout]                                at libstd/thread/mod.rs:409
Dec 03 14:21:11.534 INFO [stdout]                                at libstd/panic.rs:313
Dec 03 14:21:11.534 INFO [stdout]                                at libstd/panicking.rs:310
Dec 03 14:21:11.534 INFO [stdout]   18:     0x7f535f05bcd9 - __rust_maybe_catch_panic
Dec 03 14:21:11.534 INFO [stdout]                                at libpanic_unwind/lib.rs:102
Dec 03 14:21:11.534 INFO [stdout]   19:     0x7f53606ce94c - <F as alloc::boxed::FnBox<A>>::call_box::h6bfded618e480b32
Dec 03 14:21:11.534 INFO [stdout]                                at libstd/panicking.rs:289
Dec 03 14:21:11.534 INFO [stdout]                                at libstd/panic.rs:392
Dec 03 14:21:11.534 INFO [stdout]                                at libstd/thread/mod.rs:408
Dec 03 14:21:11.534 INFO [stdout]                                at liballoc/boxed.rs:672
Dec 03 14:21:11.534 INFO [stdout]   20:     0x7f535f048c9d - std::sys_common::thread::start_thread::h4c28257d67cdf9cb
Dec 03 14:21:11.534 INFO [stdout]                                at liballoc/boxed.rs:682
Dec 03 14:21:11.534 INFO [stdout]                                at libstd/sys_common/thread.rs:24
Dec 03 14:21:11.534 INFO [stdout]   21:     0x7f535f01e4d5 - std::sys::unix::thread::Thread::new::thread_start::hfecb2e7eff8fd34f
Dec 03 14:21:11.534 INFO [stdout]                                at libstd/sys/unix/thread.rs:90
Dec 03 14:21:11.534 INFO [stdout]   22:     0x7f535ebaa6b9 - start_thread
Dec 03 14:21:11.534 INFO [stdout]   23:     0x7f535e6ca41c - clone
Dec 03 14:21:11.534 INFO [stdout]   24:                0x0 - <unknown>
Dec 03 14:21:11.534 INFO [stdout] query stack during panic:
Dec 03 14:21:11.534 INFO [stdout] end of query stack
Dec 03 14:21:11.534 INFO [stdout] 
Dec 03 14:21:11.534 INFO [stdout] 
Dec 03 14:21:11.534 INFO [stdout] failures:
Dec 03 14:21:11.534 INFO [stdout]     src/lib.rs -  (line 7)
Dec 03 14:21:11.534 INFO [stdout] 
Dec 03 14:21:11.534 INFO [stdout] test result: FAILED. 0 passed; 1 failed; 0 ignored; 0 measured; 0 filtered out
Dec 03 14:21:11.534 INFO [stdout] 
Dec 03 14:21:11.539 INFO [stderr] error: test failed, to rerun pass '--doc'
Dec 03 14:21:11.541 INFO [stderr] su: No module specific data is present
Dec 03 14:21:11.899 INFO running `"docker" "inspect" "c541e99e227cc9e8114250f4fbbdbd67fded49c5797bcfd3f6c1eb92a5a749da"`
Dec 03 14:21:12.077 INFO running `"docker" "rm" "-f" "c541e99e227cc9e8114250f4fbbdbd67fded49c5797bcfd3f6c1eb92a5a749da"`
Dec 03 14:21:12.167 INFO [stdout] c541e99e227cc9e8114250f4fbbdbd67fded49c5797bcfd3f6c1eb92a5a749da
